the prime factors of 1035059?
31, 173, 193
List the prime factors of 332618.
2, 11, 13, 1163
List the prime factors of 12893805.
3, 5, 349, 821
List the prime factors of 1671003.
3, 199, 311
List the prime factors of 250319.
53, 4723
What are the prime factors of 1370114?
2, 685057
List the prime factors of 2353486.
2, 151, 7793
What are the prime factors of 12448560?
2, 3, 5, 51869
What are the prime factors of 1368013?
1368013
List the prime factors of 5015639.
19, 277, 953
List the prime factors of 18722872.
2, 7, 367, 911
What are the prime factors of 15085173?
3, 5028391
What are the prime factors of 4450773?
3, 193, 7687
List the prime factors of 299727.
3, 17, 653
List the prime factors of 1150767.
3, 14207
List the prime factors of 16312666.
2, 47, 173539
List the prime factors of 5919800.
2, 5, 29599
What are the prime factors of 334612?
2, 83653
List the prime factors of 106995.
3, 5, 7, 1019
What are the prime factors of 447715?
5, 151, 593
List the prime factors of 2750162.
2, 751, 1831
List the prime factors of 6515039.
109, 59771
List the prime factors of 95904.
2, 3, 37
What are the prime factors of 19428374?
2, 7, 19, 73039
List the prime factors of 139321.
7, 13, 1531
List the prime factors of 54554.
2, 27277
List the prime factors of 2259222.
2, 3, 7, 53791
What are the prime factors of 632281?
13, 17, 2861
List the prime factors of 129004.
2, 32251
List the prime factors of 791618.
2, 397, 997
List the prime factors of 2242088.
2, 47, 67, 89
What are the prime factors of 32912724?
2, 3, 13, 23, 9173
What are the prime factors of 1169619?
3, 11, 23, 67
What are the prime factors of 3089536?
2, 24137
What are the prime factors of 11027082?
2, 3, 11, 167077
List the prime factors of 1510940.
2, 5, 31, 2437
What are the prime factors of 420152?
2, 29, 1811
List the prime factors of 271334.
2, 7, 19381
What are the prime factors of 5785190?
2, 5, 23, 25153
What are the prime factors of 11149658?
2, 13, 428833
What are the prime factors of 595701?
3, 22063
List the prime factors of 111310.
2, 5, 11131
What are the prime factors of 689527?
101, 6827
What are the prime factors of 399575?
5, 11, 1453
What are the prime factors of 732798?
2, 3, 11, 3701
List the prime factors of 2756362.
2, 7, 47, 59, 71
What are the prime factors of 101309?
13, 7793
What are the prime factors of 105216?
2, 3, 137
List the prime factors of 1593788.
2, 7, 56921
What are the prime factors of 728322?
2, 3, 7, 17341
What are the prime factors of 511978?
2, 255989
List the prime factors of 503782.
2, 331, 761
List the prime factors of 6102.
2, 3, 113
What are the prime factors of 1546056?
2, 3, 109, 197
What are the prime factors of 6764465?
5, 1352893
What are the prime factors of 993230?
2, 5, 7, 2027
List the prime factors of 669513.
3, 13, 17167
List the prime factors of 1420811.
7, 202973
List the prime factors of 944885.
5, 59, 3203
What are the prime factors of 1461385?
5, 19, 15383
List the prime factors of 233396.
2, 19, 37, 83
List the prime factors of 235942.
2, 7, 19, 887
List the prime factors of 36662105.
5, 7332421
What are the prime factors of 332305?
5, 41, 1621
What are the prime factors of 359114?
2, 7, 113, 227
List the prime factors of 7117833.
3, 23, 43, 2399
List the prime factors of 288337.
7, 17, 2423
What are the prime factors of 4608043?
11, 38083
List the prime factors of 4873954.
2, 2436977
What are the prime factors of 10642423?
11, 967493
List the prime factors of 320781.
3, 23, 4649
List the prime factors of 11906.
2, 5953
List the prime factors of 7613463.
3, 11, 13, 17747
List the prime factors of 286852.
2, 71713
List the prime factors of 6905595.
3, 5, 460373
List the prime factors of 809699.
11, 73609
What are the prime factors of 573241?
37, 15493
What are the prime factors of 49333?
49333
What are the prime factors of 248485?
5, 49697
What are the prime factors of 547413?
3, 182471
What are the prime factors of 4600967?
7, 657281
List the prime factors of 2572933.
11, 17, 13759
List the prime factors of 6045350.
2, 5, 120907
List the prime factors of 187914.
2, 3, 31319
List the prime factors of 24309253.
24309253
List the prime factors of 424050.
2, 3, 5, 11, 257
List the prime factors of 413542.
2, 17, 12163
What are the prime factors of 2786238?
2, 3, 7, 13
What are the prime factors of 168821?
401, 421
List the prime factors of 249532.
2, 62383
List the prime factors of 58882.
2, 59, 499
List the prime factors of 822386.
2, 411193
What are the prime factors of 417923?
11, 37993
What are the prime factors of 7139719?
1103, 6473
What are the prime factors of 140408?
2, 17551
List the prime factors of 53228.
2, 7, 1901
List the prime factors of 199167.
3, 197, 337
What are the prime factors of 3764272?
2, 23, 53, 193
What are the prime factors of 23735165?
5, 4747033
What are the prime factors of 285178?
2, 142589
List the prime factors of 106073.
11, 9643
List the prime factors of 16005663.
3, 593, 2999
List the prime factors of 456824.
2, 17, 3359
What are the prime factors of 22462783?
7, 3208969
List the prime factors of 279289.
23, 12143
What are the prime factors of 7164?
2, 3, 199
What are the prime factors of 57004?
2, 14251
List the prime factors of 3512494.
2, 251, 6997
What are the prime factors of 4183498?
2, 11, 190159
List the prime factors of 341002.
2, 53, 3217
List the prime factors of 2928570.
2, 3, 5, 31, 47, 67
What are the prime factors of 8389622?
2, 1453, 2887
What are the prime factors of 10113622?
2, 5056811
What are the prime factors of 43029?
3, 7, 683
List the prime factors of 4997151.
3, 233, 2383
List the prime factors of 732138.
2, 3, 11, 11093
What are the prime factors of 960985?
5, 71, 2707
What are the prime factors of 7098663?
3, 11, 13, 16547
List the prime factors of 1677915.
3, 5, 1381
What are the prime factors of 64593?
3, 7177
List the prime factors of 12207356.
2, 7, 43, 10139
What are the prime factors of 17238660?
2, 3, 5, 47, 6113
What are the prime factors of 945890?
2, 5, 11, 8599
What are the prime factors of 3440202?
2, 3, 23, 97, 257
What are the prime factors of 21165051?
3, 17, 613, 677
What are the prime factors of 14884285?
5, 13, 228989
What are the prime factors of 2581098?
2, 3, 13, 33091
List the prime factors of 3226739.
23, 239, 587
List the prime factors of 1949064.
2, 3, 13, 6247
What are the prime factors of 30976029?
3, 7, 337, 1459
What are the prime factors of 56818?
2, 28409
What are the prime factors of 3932250?
2, 3, 5, 7, 107
List the prime factors of 243985.
5, 7, 6971
List the prime factors of 4824217.
1129, 4273
List the prime factors of 593594.
2, 296797
What are the prime factors of 279661?
19, 41, 359
List the prime factors of 323682.
2, 3, 73, 739
List the prime factors of 1057190.
2, 5, 71, 1489
What are the prime factors of 7461887?
71, 105097
What are the prime factors of 219436?
2, 7, 17, 461
What are the prime factors of 4894999?
4894999
What are the prime factors of 3939104?
2, 13, 17, 557
List the prime factors of 10274764.
2, 31, 41, 43, 47
List the prime factors of 2346.
2, 3, 17, 23
What are the prime factors of 18675995?
5, 13, 79, 3637
What are the prime factors of 456508?
2, 13, 8779
List the prime factors of 466843.
13, 35911
What are the prime factors of 9574234?
2, 29, 383, 431
What are the prime factors of 140106?
2, 3, 19, 1229
What are the prime factors of 5670616?
2, 7, 109, 929
List the prime factors of 127775.
5, 19, 269
What are the prime factors of 1817268?
2, 3, 199, 761
List the prime factors of 71804.
2, 29, 619
List the prime factors of 40753232.
2, 13, 195929
List the prime factors of 192117.
3, 17, 3767
List the prime factors of 25858176.
2, 3, 67339
What are the prime factors of 806443?
11, 167, 439
What are the prime factors of 147025?
5, 5881
List the prime factors of 90841.
90841
What are the prime factors of 2141054?
2, 1070527
What are the prime factors of 408378?
2, 3, 29, 2347
List the prime factors of 35155.
5, 79, 89
What are the prime factors of 7095456?
2, 3, 71, 347
What are the prime factors of 2565062?
2, 17, 37, 2039
List the prime factors of 31945243.
11, 71, 40903
List the prime factors of 662244.
2, 3, 11, 29, 173
List the prime factors of 9775899.
3, 7, 19, 8167
What are the prime facto